{"id":780,"date":"2023-02-15T13:30:34","date_gmt":"2023-02-15T12:30:34","guid":{"rendered":"https:\/\/alticert.org\/?page_id=780"},"modified":"2023-03-10T09:03:40","modified_gmt":"2023-03-10T08:03:40","slug":"baby-madison-label","status":"publish","type":"page","link":"https:\/\/alticert.org\/index.php\/baby-madison-label\/","title":{"rendered":"Baby Madison Label"},"content":{"rendered":"\n<p><\/p>\n\n\n\n<div class=\"wp-block-media-text alignwide is-stacked-on-mobile\" style=\"grid-template-columns:20% auto\"><figure class=\"wp-block-media-text__media\"><img fetchpriority=\"high\" decoding=\"async\" width=\"897\" height=\"814\" src=\"https:\/\/alticert.org\/wp-content\/uploads\/2023\/02\/SOS-Madison-International-Fond-transparent-2.png\" alt=\"Logo Baby Madison Cr\u00e9dit @ Baby Madison\" class=\"wp-image-781 size-full\" srcset=\"https:\/\/alticert.org\/wp-content\/uploads\/2023\/02\/SOS-Madison-International-Fond-transparent-2.png 897w, https:\/\/alticert.org\/wp-content\/uploads\/2023\/02\/SOS-Madison-International-Fond-transparent-2-300x272.png 300w, https:\/\/alticert.org\/wp-content\/uploads\/2023\/02\/SOS-Madison-International-Fond-transparent-2-768x697.png 768w\" sizes=\"(max-width: 897px) 100vw, 897px\" \/><\/figure><div class=\"wp-block-media-text__content\">\n<p>En partageant des valeurs auxquelles nous croyons, comme\u00a0les droits des enfants et des personnes handicap\u00e9es, ALTICERT s\u2019est engag\u00e9 aupr\u00e8s de SOS MADISON INTERNATIONAL, afin de promouvoir le Baby Madison Label.<\/p>\n\n\n\n<p>Ce partenariat permet de mettre ainsi en avant les \u00e9tablissements qui ont d\u00e9velopp\u00e9 une v\u00e9ritable organisation et des moyens visant \u00e0 la s\u00e9curit\u00e9 des enfants.<\/p>\n\n\n\n<p>Au-del\u00e0 de la r\u00e9glementation et des codes de d\u00e9ontologie associ\u00e9s \u00e0 leur protection, ce Label doit permettre de montrer aux\u00a0jeunes accueillis, aux institutions et \u00e0 leur famille, qu\u2019ils y sont en s\u00e9curit\u00e9 et qu\u2019ils peuvent avoir confiance durablement.<\/p>\n\n\n\n<p>Pour demander votre labellisation : <a href=\"https:\/\/sosmadisoninternational.org\/fr\/baby-madison-label\/demande-de-certification\/\" target=\"_blank\" rel=\"noreferrer noopener\">https:\/\/sosmadisoninternational.org\/fr\/baby-madison-label\/demande-de-certification\/<\/a><\/p>\n\n\n\n<p>Plus d&rsquo;informations sur le site de <a href=\"https:\/\/sosmadisoninternational.org\/fr\/\" target=\"_blank\" rel=\"noreferrer noopener\">SOS Madison International<\/a><\/p>\n<\/div><\/div>\n","protected":false},"excerpt":{"rendered":"<p>En partageant des valeurs auxquelles nous croyons, comme\u00a0les droits des enfants et des personnes handicap\u00e9es, ALTICERT s\u2019est engag\u00e9 aupr\u00e8s de SOS MADISON INTERNATIONAL, afin de promouvoir le Baby Madison Label. Ce partenariat permet de mettre ainsi en avant les \u00e9tablissements qui ont d\u00e9velopp\u00e9 une v\u00e9ritable organisation et des moyens visant \u00e0 la s\u00e9curit\u00e9 des enfants.&hellip;&nbsp;<a href=\"https:\/\/alticert.org\/index.php\/baby-madison-label\/\" rel=\"bookmark\">Lire la suite &raquo;<span class=\"screen-reader-text\">Baby Madison Label<\/span><\/a><\/p>\n","protected":false},"author":5,"featured_media":0,"parent":0,"menu_order":0,"comment_status":"closed","ping_status":"closed","template":"","meta":{"neve_meta_sidebar":"full-width","neve_meta_container":"","neve_meta_enable_content_width":"on","neve_meta_content_width":100,"neve_meta_title_alignment":"","neve_meta_author_avatar":"","neve_post_elements_order":"","neve_meta_disable_header":"","neve_meta_disable_footer":"","neve_meta_disable_title":"","footnotes":""},"class_list":["post-780","page","type-page","status-publish","hentry"],"yoast_head":"<!-- This site is optimized with the Yoast SEO plugin v27.3 - https:\/\/yoast.com\/product\/yoast-seo-wordpress\/ -->\n<title>Baby Madison Label -<\/title>\n<meta name=\"robots\" content=\"index, follow, max-snippet:-1, max-image-preview:large, max-video-preview:-1\" \/>\n<link rel=\"canonical\" href=\"https:\/\/alticert.org\/index.php\/baby-madison-label\/\" \/>\n<meta property=\"og:locale\" content=\"fr_FR\" \/>\n<meta property=\"og:type\" content=\"article\" \/>\n<meta property=\"og:title\" content=\"Baby Madison Label -\" \/>\n<meta property=\"og:description\" content=\"En partageant des valeurs auxquelles nous croyons, comme\u00a0les droits des enfants et des personnes handicap\u00e9es, ALTICERT s\u2019est engag\u00e9 aupr\u00e8s de SOS MADISON INTERNATIONAL, afin de promouvoir le Baby Madison Label. Ce partenariat permet de mettre ainsi en avant les \u00e9tablissements qui ont d\u00e9velopp\u00e9 une v\u00e9ritable organisation et des moyens visant \u00e0 la s\u00e9curit\u00e9 des enfants.&hellip;&nbsp;Lire la suite &raquo;Baby Madison Label\" \/>\n<meta property=\"og:url\" content=\"https:\/\/alticert.org\/index.php\/baby-madison-label\/\" \/>\n<meta property=\"article:modified_time\" content=\"2023-03-10T08:03:40+00:00\" \/>\n<meta property=\"og:image\" content=\"https:\/\/alticert.org\/wp-content\/uploads\/2023\/02\/SOS-Madison-International-Fond-transparent-2.png\" \/>\n<meta name=\"twitter:card\" content=\"summary_large_image\" \/>\n<meta name=\"twitter:label1\" content=\"Dur\u00e9e de lecture estim\u00e9e\" \/>\n\t<meta name=\"twitter:data1\" content=\"1 minute\" \/>\n<script type=\"application\/ld+json\" class=\"yoast-schema-graph\">{\"@context\":\"https:\\\/\\\/schema.org\",\"@graph\":[{\"@type\":\"WebPage\",\"@id\":\"https:\\\/\\\/alticert.org\\\/index.php\\\/baby-madison-label\\\/\",\"url\":\"https:\\\/\\\/alticert.org\\\/index.php\\\/baby-madison-label\\\/\",\"name\":\"Baby Madison Label -\",\"isPartOf\":{\"@id\":\"https:\\\/\\\/alticert.org\\\/#website\"},\"primaryImageOfPage\":{\"@id\":\"https:\\\/\\\/alticert.org\\\/index.php\\\/baby-madison-label\\\/#primaryimage\"},\"image\":{\"@id\":\"https:\\\/\\\/alticert.org\\\/index.php\\\/baby-madison-label\\\/#primaryimage\"},\"thumbnailUrl\":\"https:\\\/\\\/alticert.org\\\/wp-content\\\/uploads\\\/2023\\\/02\\\/SOS-Madison-International-Fond-transparent-2.png\",\"datePublished\":\"2023-02-15T12:30:34+00:00\",\"dateModified\":\"2023-03-10T08:03:40+00:00\",\"breadcrumb\":{\"@id\":\"https:\\\/\\\/alticert.org\\\/index.php\\\/baby-madison-label\\\/#breadcrumb\"},\"inLanguage\":\"fr-FR\",\"potentialAction\":[{\"@type\":\"ReadAction\",\"target\":[\"https:\\\/\\\/alticert.org\\\/index.php\\\/baby-madison-label\\\/\"]}]},{\"@type\":\"ImageObject\",\"inLanguage\":\"fr-FR\",\"@id\":\"https:\\\/\\\/alticert.org\\\/index.php\\\/baby-madison-label\\\/#primaryimage\",\"url\":\"https:\\\/\\\/alticert.org\\\/wp-content\\\/uploads\\\/2023\\\/02\\\/SOS-Madison-International-Fond-transparent-2.png\",\"contentUrl\":\"https:\\\/\\\/alticert.org\\\/wp-content\\\/uploads\\\/2023\\\/02\\\/SOS-Madison-International-Fond-transparent-2.png\",\"width\":897,\"height\":814,\"caption\":\"Logo Baby Madison Cr\u00e9dit @ Baby Madison\"},{\"@type\":\"BreadcrumbList\",\"@id\":\"https:\\\/\\\/alticert.org\\\/index.php\\\/baby-madison-label\\\/#breadcrumb\",\"itemListElement\":[{\"@type\":\"ListItem\",\"position\":1,\"name\":\"Accueil\",\"item\":\"https:\\\/\\\/alticert.org\\\/\"},{\"@type\":\"ListItem\",\"position\":2,\"name\":\"Baby Madison Label\"}]},{\"@type\":\"WebSite\",\"@id\":\"https:\\\/\\\/alticert.org\\\/#website\",\"url\":\"https:\\\/\\\/alticert.org\\\/\",\"name\":\"Alticert.org\",\"description\":\"Certification d&#039;organisme de formation\",\"publisher\":{\"@id\":\"https:\\\/\\\/alticert.org\\\/#organization\"},\"potentialAction\":[{\"@type\":\"SearchAction\",\"target\":{\"@type\":\"EntryPoint\",\"urlTemplate\":\"https:\\\/\\\/alticert.org\\\/?s={search_term_string}\"},\"query-input\":{\"@type\":\"PropertyValueSpecification\",\"valueRequired\":true,\"valueName\":\"search_term_string\"}}],\"inLanguage\":\"fr-FR\"},{\"@type\":\"Organization\",\"@id\":\"https:\\\/\\\/alticert.org\\\/#organization\",\"name\":\"Alticert\",\"url\":\"https:\\\/\\\/alticert.org\\\/\",\"logo\":{\"@type\":\"ImageObject\",\"inLanguage\":\"fr-FR\",\"@id\":\"https:\\\/\\\/alticert.org\\\/#\\\/schema\\\/logo\\\/image\\\/\",\"url\":\"https:\\\/\\\/alticert.org\\\/wp-content\\\/uploads\\\/2021\\\/03\\\/cropped-Logo_Alticert_icone-3.jpg\",\"contentUrl\":\"https:\\\/\\\/alticert.org\\\/wp-content\\\/uploads\\\/2021\\\/03\\\/cropped-Logo_Alticert_icone-3.jpg\",\"width\":512,\"height\":512,\"caption\":\"Alticert\"},\"image\":{\"@id\":\"https:\\\/\\\/alticert.org\\\/#\\\/schema\\\/logo\\\/image\\\/\"}}]}<\/script>\n<!-- \/ Yoast SEO plugin. -->","yoast_head_json":{"title":"Baby Madison Label -","robots":{"index":"index","follow":"follow","max-snippet":"max-snippet:-1","max-image-preview":"max-image-preview:large","max-video-preview":"max-video-preview:-1"},"canonical":"https:\/\/alticert.org\/index.php\/baby-madison-label\/","og_locale":"fr_FR","og_type":"article","og_title":"Baby Madison Label -","og_description":"En partageant des valeurs auxquelles nous croyons, comme\u00a0les droits des enfants et des personnes handicap\u00e9es, ALTICERT s\u2019est engag\u00e9 aupr\u00e8s de SOS MADISON INTERNATIONAL, afin de promouvoir le Baby Madison Label. Ce partenariat permet de mettre ainsi en avant les \u00e9tablissements qui ont d\u00e9velopp\u00e9 une v\u00e9ritable organisation et des moyens visant \u00e0 la s\u00e9curit\u00e9 des enfants.&hellip;&nbsp;Lire la suite &raquo;Baby Madison Label","og_url":"https:\/\/alticert.org\/index.php\/baby-madison-label\/","article_modified_time":"2023-03-10T08:03:40+00:00","og_image":[{"url":"https:\/\/alticert.org\/wp-content\/uploads\/2023\/02\/SOS-Madison-International-Fond-transparent-2.png","type":"","width":"","height":""}],"twitter_card":"summary_large_image","twitter_misc":{"Dur\u00e9e de lecture estim\u00e9e":"1 minute"},"schema":{"@context":"https:\/\/schema.org","@graph":[{"@type":"WebPage","@id":"https:\/\/alticert.org\/index.php\/baby-madison-label\/","url":"https:\/\/alticert.org\/index.php\/baby-madison-label\/","name":"Baby Madison Label -","isPartOf":{"@id":"https:\/\/alticert.org\/#website"},"primaryImageOfPage":{"@id":"https:\/\/alticert.org\/index.php\/baby-madison-label\/#primaryimage"},"image":{"@id":"https:\/\/alticert.org\/index.php\/baby-madison-label\/#primaryimage"},"thumbnailUrl":"https:\/\/alticert.org\/wp-content\/uploads\/2023\/02\/SOS-Madison-International-Fond-transparent-2.png","datePublished":"2023-02-15T12:30:34+00:00","dateModified":"2023-03-10T08:03:40+00:00","breadcrumb":{"@id":"https:\/\/alticert.org\/index.php\/baby-madison-label\/#breadcrumb"},"inLanguage":"fr-FR","potentialAction":[{"@type":"ReadAction","target":["https:\/\/alticert.org\/index.php\/baby-madison-label\/"]}]},{"@type":"ImageObject","inLanguage":"fr-FR","@id":"https:\/\/alticert.org\/index.php\/baby-madison-label\/#primaryimage","url":"https:\/\/alticert.org\/wp-content\/uploads\/2023\/02\/SOS-Madison-International-Fond-transparent-2.png","contentUrl":"https:\/\/alticert.org\/wp-content\/uploads\/2023\/02\/SOS-Madison-International-Fond-transparent-2.png","width":897,"height":814,"caption":"Logo Baby Madison Cr\u00e9dit @ Baby Madison"},{"@type":"BreadcrumbList","@id":"https:\/\/alticert.org\/index.php\/baby-madison-label\/#breadcrumb","itemListElement":[{"@type":"ListItem","position":1,"name":"Accueil","item":"https:\/\/alticert.org\/"},{"@type":"ListItem","position":2,"name":"Baby Madison Label"}]},{"@type":"WebSite","@id":"https:\/\/alticert.org\/#website","url":"https:\/\/alticert.org\/","name":"Alticert.org","description":"Certification d&#039;organisme de formation","publisher":{"@id":"https:\/\/alticert.org\/#organization"},"potentialAction":[{"@type":"SearchAction","target":{"@type":"EntryPoint","urlTemplate":"https:\/\/alticert.org\/?s={search_term_string}"},"query-input":{"@type":"PropertyValueSpecification","valueRequired":true,"valueName":"search_term_string"}}],"inLanguage":"fr-FR"},{"@type":"Organization","@id":"https:\/\/alticert.org\/#organization","name":"Alticert","url":"https:\/\/alticert.org\/","logo":{"@type":"ImageObject","inLanguage":"fr-FR","@id":"https:\/\/alticert.org\/#\/schema\/logo\/image\/","url":"https:\/\/alticert.org\/wp-content\/uploads\/2021\/03\/cropped-Logo_Alticert_icone-3.jpg","contentUrl":"https:\/\/alticert.org\/wp-content\/uploads\/2021\/03\/cropped-Logo_Alticert_icone-3.jpg","width":512,"height":512,"caption":"Alticert"},"image":{"@id":"https:\/\/alticert.org\/#\/schema\/logo\/image\/"}}]}},"_links":{"self":[{"href":"https:\/\/alticert.org\/index.php\/wp-json\/wp\/v2\/pages\/780","targetHints":{"allow":["GET"]}}],"collection":[{"href":"https:\/\/alticert.org\/index.php\/wp-json\/wp\/v2\/pages"}],"about":[{"href":"https:\/\/alticert.org\/index.php\/wp-json\/wp\/v2\/types\/page"}],"author":[{"embeddable":true,"href":"https:\/\/alticert.org\/index.php\/wp-json\/wp\/v2\/users\/5"}],"replies":[{"embeddable":true,"href":"https:\/\/alticert.org\/index.php\/wp-json\/wp\/v2\/comments?post=780"}],"version-history":[{"count":5,"href":"https:\/\/alticert.org\/index.php\/wp-json\/wp\/v2\/pages\/780\/revisions"}],"predecessor-version":[{"id":855,"href":"https:\/\/alticert.org\/index.php\/wp-json\/wp\/v2\/pages\/780\/revisions\/855"}],"wp:attachment":[{"href":"https:\/\/alticert.org\/index.php\/wp-json\/wp\/v2\/media?parent=780"}],"curies":[{"name":"wp","href":"https:\/\/api.w.org\/{rel}","templated":true}]}}