{"id":30,"date":"2021-02-27T11:43:18","date_gmt":"2021-02-27T10:43:18","guid":{"rendered":"https:\/\/alticert.org\/?page_id=30"},"modified":"2023-02-15T15:01:33","modified_gmt":"2023-02-15T14:01:33","slug":"certification-qualiopi","status":"publish","type":"page","link":"https:\/\/alticert.org\/index.php\/certification-qualiopi\/","title":{"rendered":"Certification Qualiopi"},"content":{"rendered":"\t\t<div data-elementor-type=\"wp-page\" data-elementor-id=\"30\" class=\"elementor elementor-30\">\n\t\t\t\t\t\t<section class=\"elementor-section elementor-top-section elementor-element elementor-element-b28dee6 elementor-section-full_width elementor-section-height-default elementor-section-height-default elementor-invisible\" data-id=\"b28dee6\" data-element_type=\"section\" data-e-type=\"section\" data-settings=\"{&quot;animation&quot;:&quot;fadeIn&quot;}\">\n\t\t\t\t\t\t<div class=\"elementor-container elementor-column-gap-default\">\n\t\t\t\t\t<div class=\"elementor-column elementor-col-100 elementor-top-column elementor-element elementor-element-55eaa07\" data-id=\"55eaa07\" data-element_type=\"column\" data-e-type=\"column\">\n\t\t\t<div class=\"elementor-widget-wrap elementor-element-populated\">\n\t\t\t\t\t\t<div class=\"elementor-element elementor-element-3f59e9b elementor-widget elementor-widget-heading\" data-id=\"3f59e9b\" data-element_type=\"widget\" data-e-type=\"widget\" data-widget_type=\"heading.default\">\n\t\t\t\t<div class=\"elementor-widget-container\">\n\t\t\t\t\t<h2 class=\"elementor-heading-title elementor-size-default\">Pour qui ?<\/h2>\t\t\t\t<\/div>\n\t\t\t\t<\/div>\n\t\t\t\t<div class=\"elementor-element elementor-element-93b771f elementor-widget elementor-widget-spacer\" data-id=\"93b771f\" data-element_type=\"widget\" data-e-type=\"widget\" data-widget_type=\"spacer.default\">\n\t\t\t\t<div class=\"elementor-widget-container\">\n\t\t\t\t\t\t\t<div class=\"elementor-spacer\">\n\t\t\t<div class=\"elementor-spacer-inner\"><\/div>\n\t\t<\/div>\n\t\t\t\t\t\t<\/div>\n\t\t\t\t<\/div>\n\t\t\t\t<div class=\"elementor-element elementor-element-3673fd3 elementor-widget elementor-widget-text-editor\" data-id=\"3673fd3\" data-element_type=\"widget\" data-e-type=\"widget\" data-widget_type=\"text-editor.default\">\n\t\t\t\t<div class=\"elementor-widget-container\">\n\t\t\t\t\t\t\t\t\t<p>Certification QUALIOPI, la nouvelle reconnaissance officielle des organismes de formation, qui remplace Data Dock.<\/p><p>C\u2019est \u00e0 la date du 1er janvier 2022, que rentre en vigueur, l\u2019obligation de certification, par un organisme tiers, des organismes r\u00e9alisant des actions concourant au d\u00e9veloppement des comp\u00e9tences sur la base d\u2019un r\u00e9f\u00e9rentiel national unique, s\u2019ils veulent b\u00e9n\u00e9ficier de fonds publics ou mutualis\u00e9s.\u00a0<\/p><p>En d\u2019autres termes, les prestataires de services qui proposent des actions de formation, des bilans de comp\u00e9tences, des actions permettant de faire valider des acquis li\u00e9s \u00e0 l\u2019exp\u00e9rience, et des formations par apprentissage, doivent \u00eatre certifi\u00e9s \u00ab qualit\u00e9 \u00bb lorsqu\u2019ils sont financ\u00e9s par un op\u00e9rateur de comp\u00e9tence (OPCO), par l\u2019Etat, par les R\u00e9gions, par La Caisse des D\u00e9p\u00f4ts et Consignations, par P\u00f4le Emploi, par l\u2019Agefiph, \u2026<\/p>\t\t\t\t\t\t\t\t<\/div>\n\t\t\t\t<\/div>\n\t\t\t\t<div class=\"elementor-element elementor-element-0bb5856 elementor-widget elementor-widget-spacer\" data-id=\"0bb5856\" data-element_type=\"widget\" data-e-type=\"widget\" data-widget_type=\"spacer.default\">\n\t\t\t\t<div class=\"elementor-widget-container\">\n\t\t\t\t\t\t\t<div class=\"elementor-spacer\">\n\t\t\t<div class=\"elementor-spacer-inner\"><\/div>\n\t\t<\/div>\n\t\t\t\t\t\t<\/div>\n\t\t\t\t<\/div>\n\t\t\t\t\t<\/div>\n\t\t<\/div>\n\t\t\t\t\t<\/div>\n\t\t<\/section>\n\t\t\t\t<section class=\"elementor-section elementor-top-section elementor-element elementor-element-075b920 elementor-section-stretched elementor-section-boxed elementor-section-height-default elementor-section-height-default elementor-invisible\" data-id=\"075b920\" data-element_type=\"section\" data-e-type=\"section\" data-settings=\"{&quot;stretch_section&quot;:&quot;section-stretched&quot;,&quot;animation&quot;:&quot;slideInLeft&quot;}\">\n\t\t\t\t\t\t<div class=\"elementor-container elementor-column-gap-default\">\n\t\t\t\t\t<div class=\"elementor-column elementor-col-50 elementor-top-column elementor-element elementor-element-c14d470\" data-id=\"c14d470\" data-element_type=\"column\" data-e-type=\"column\">\n\t\t\t<div class=\"elementor-widget-wrap elementor-element-populated\">\n\t\t\t\t\t\t<div class=\"elementor-element elementor-element-633c5e7 elementor-widget elementor-widget-progress\" data-id=\"633c5e7\" data-element_type=\"widget\" data-e-type=\"widget\" data-widget_type=\"progress.default\">\n\t\t\t\t<div class=\"elementor-widget-container\">\n\t\t\t\t\t\t\t\t<span class=\"elementor-title\" id=\"elementor-progress-bar-633c5e7\">\n\t\t\t\tCertification\t\t\t<\/span>\n\t\t\n\t\t<div aria-labelledby=\"elementor-progress-bar-633c5e7\" class=\"elementor-progress-wrapper progress-info\" role=\"progressbar\" aria-valuemin=\"0\" aria-valuemax=\"100\" aria-valuenow=\"65\" aria-valuetext=\"65% (Valid\u00e9)\">\n\t\t\t<div class=\"elementor-progress-bar\" data-max=\"65\">\n\t\t\t\t<span class=\"elementor-progress-text\">Valid\u00e9<\/span>\n\t\t\t\t\t\t\t\t\t<span class=\"elementor-progress-percentage\">65%<\/span>\n\t\t\t\t\t\t\t<\/div>\n\t\t<\/div>\n\t\t\t\t\t\t<\/div>\n\t\t\t\t<\/div>\n\t\t\t\t\t<\/div>\n\t\t<\/div>\n\t\t\t\t<div class=\"elementor-column elementor-col-50 elementor-top-column elementor-element elementor-element-42b8510\" data-id=\"42b8510\" data-element_type=\"column\" data-e-type=\"column\">\n\t\t\t<div class=\"elementor-widget-wrap elementor-element-populated\">\n\t\t\t\t\t\t<div class=\"elementor-element elementor-element-7ce8fae elementor-widget elementor-widget-progress\" data-id=\"7ce8fae\" data-element_type=\"widget\" data-e-type=\"widget\" data-widget_type=\"progress.default\">\n\t\t\t\t<div class=\"elementor-widget-container\">\n\t\t\t\t\t\t\t\t<span class=\"elementor-title\" id=\"elementor-progress-bar-7ce8fae\">\n\t\t\t\tValidation\t\t\t<\/span>\n\t\t\n\t\t<div aria-labelledby=\"elementor-progress-bar-7ce8fae\" class=\"elementor-progress-wrapper progress-info\" role=\"progressbar\" aria-valuemin=\"0\" aria-valuemax=\"100\" aria-valuenow=\"90\" aria-valuetext=\"90% (r\u00e9ussi)\">\n\t\t\t<div class=\"elementor-progress-bar\" data-max=\"90\">\n\t\t\t\t<span class=\"elementor-progress-text\">r\u00e9ussi<\/span>\n\t\t\t\t\t\t\t\t\t<span class=\"elementor-progress-percentage\">90%<\/span>\n\t\t\t\t\t\t\t<\/div>\n\t\t<\/div>\n\t\t\t\t\t\t<\/div>\n\t\t\t\t<\/div>\n\t\t\t\t\t<\/div>\n\t\t<\/div>\n\t\t\t\t\t<\/div>\n\t\t<\/section>\n\t\t\t\t<section class=\"elementor-section elementor-top-section elementor-element elementor-element-cb83dc7 elementor-section-boxed elementor-section-height-default elementor-section-height-default elementor-invisible\" data-id=\"cb83dc7\" data-element_type=\"section\" data-e-type=\"section\" data-settings=\"{&quot;animation&quot;:&quot;fadeIn&quot;}\">\n\t\t\t\t\t\t<div class=\"elementor-container elementor-column-gap-default\">\n\t\t\t\t\t<div class=\"elementor-column elementor-col-100 elementor-top-column elementor-element elementor-element-eb8ff45\" data-id=\"eb8ff45\" data-element_type=\"column\" data-e-type=\"column\">\n\t\t\t<div class=\"elementor-widget-wrap elementor-element-populated\">\n\t\t\t\t\t\t<div class=\"elementor-element elementor-element-1ca776b elementor-widget elementor-widget-spacer\" data-id=\"1ca776b\" data-element_type=\"widget\" data-e-type=\"widget\" data-widget_type=\"spacer.default\">\n\t\t\t\t<div class=\"elementor-widget-container\">\n\t\t\t\t\t\t\t<div class=\"elementor-spacer\">\n\t\t\t<div class=\"elementor-spacer-inner\"><\/div>\n\t\t<\/div>\n\t\t\t\t\t\t<\/div>\n\t\t\t\t<\/div>\n\t\t\t\t<div class=\"elementor-element elementor-element-10dc1a6 elementor-widget elementor-widget-heading\" data-id=\"10dc1a6\" data-element_type=\"widget\" data-e-type=\"widget\" data-widget_type=\"heading.default\">\n\t\t\t\t<div class=\"elementor-widget-container\">\n\t\t\t\t\t<h2 class=\"elementor-heading-title elementor-size-default\">En sept crit\u00e8res<\/h2>\t\t\t\t<\/div>\n\t\t\t\t<\/div>\n\t\t\t\t<div class=\"elementor-element elementor-element-7fab190 elementor-widget elementor-widget-spacer\" data-id=\"7fab190\" data-element_type=\"widget\" data-e-type=\"widget\" data-widget_type=\"spacer.default\">\n\t\t\t\t<div class=\"elementor-widget-container\">\n\t\t\t\t\t\t\t<div class=\"elementor-spacer\">\n\t\t\t<div class=\"elementor-spacer-inner\"><\/div>\n\t\t<\/div>\n\t\t\t\t\t\t<\/div>\n\t\t\t\t<\/div>\n\t\t\t\t<div class=\"elementor-element elementor-element-6e350c0 elementor-widget elementor-widget-text-editor\" data-id=\"6e350c0\" data-element_type=\"widget\" data-e-type=\"widget\" data-widget_type=\"text-editor.default\">\n\t\t\t\t<div class=\"elementor-widget-container\">\n\t\t\t\t\t\t\t\t\t<p>La Certification \u00ab Qualit\u00e9 \u00bb repose sur la v\u00e9rification que le syst\u00e8me qualit\u00e9 de l\u2019organisme est conforme au r\u00e9f\u00e9rentiel national qualit\u00e9 (RNQ), nomm\u00e9 \u00ab QUALIOPI \u00bb et qu\u2019il est appliqu\u00e9 de mani\u00e8re efficace.<\/p><p>R\u00e9f\u00e9rentiel QUALIOPI, un texte en 7 crit\u00e8res et 32 indicateurs, qui int\u00e8gre l\u2019ensemble des processus requis pour concevoir, pr\u00e9parer, r\u00e9aliser et \u00e9valuer une prestations, d\u2019une part, communiquer, g\u00e9rer les comp\u00e9tences, optimiser les connaissances, les ressources, les process de l\u2019organisme, d\u2019autre part.<\/p>\t\t\t\t\t\t\t\t<\/div>\n\t\t\t\t<\/div>\n\t\t\t\t<div class=\"elementor-element elementor-element-2fb47c9 elementor-widget elementor-widget-spacer\" data-id=\"2fb47c9\" data-element_type=\"widget\" data-e-type=\"widget\" data-widget_type=\"spacer.default\">\n\t\t\t\t<div class=\"elementor-widget-container\">\n\t\t\t\t\t\t\t<div class=\"elementor-spacer\">\n\t\t\t<div class=\"elementor-spacer-inner\"><\/div>\n\t\t<\/div>\n\t\t\t\t\t\t<\/div>\n\t\t\t\t<\/div>\n\t\t\t\t<div class=\"elementor-element elementor-element-fa94d32 elementor-widget elementor-widget-image\" data-id=\"fa94d32\" data-element_type=\"widget\" data-e-type=\"widget\" data-widget_type=\"image.default\">\n\t\t\t\t<div class=\"elementor-widget-container\">\n\t\t\t\t\t\t\t\t\t\t\t\t\t\t\t<img fetchpriority=\"high\" decoding=\"async\" width=\"674\" height=\"449\" src=\"https:\/\/alticert.org\/wp-content\/uploads\/2021\/03\/3.3.jpg\" class=\"attachment-medium_large size-medium_large wp-image-489\" alt=\"\" srcset=\"https:\/\/alticert.org\/wp-content\/uploads\/2021\/03\/3.3.jpg 674w, https:\/\/alticert.org\/wp-content\/uploads\/2021\/03\/3.3-300x200.jpg 300w\" sizes=\"(max-width: 674px) 100vw, 674px\" \/>\t\t\t\t\t\t\t\t\t\t\t\t\t\t\t<\/div>\n\t\t\t\t<\/div>\n\t\t\t\t<div class=\"elementor-element elementor-element-c8022a8 elementor-widget elementor-widget-spacer\" data-id=\"c8022a8\" data-element_type=\"widget\" data-e-type=\"widget\" data-widget_type=\"spacer.default\">\n\t\t\t\t<div class=\"elementor-widget-container\">\n\t\t\t\t\t\t\t<div class=\"elementor-spacer\">\n\t\t\t<div class=\"elementor-spacer-inner\"><\/div>\n\t\t<\/div>\n\t\t\t\t\t\t<\/div>\n\t\t\t\t<\/div>\n\t\t\t\t\t<\/div>\n\t\t<\/div>\n\t\t\t\t\t<\/div>\n\t\t<\/section>\n\t\t\t\t<section class=\"elementor-section elementor-top-section elementor-element elementor-element-ceb34e5 elementor-section-boxed elementor-section-height-default elementor-section-height-default elementor-invisible\" data-id=\"ceb34e5\" data-element_type=\"section\" data-e-type=\"section\" data-settings=\"{&quot;animation&quot;:&quot;fadeIn&quot;}\">\n\t\t\t\t\t\t<div class=\"elementor-container elementor-column-gap-default\">\n\t\t\t\t\t<div class=\"elementor-column elementor-col-100 elementor-top-column elementor-element elementor-element-e9e2b66\" data-id=\"e9e2b66\" data-element_type=\"column\" data-e-type=\"column\">\n\t\t\t<div class=\"elementor-widget-wrap elementor-element-populated\">\n\t\t\t\t\t\t<div class=\"elementor-element elementor-element-04c0344 elementor-widget elementor-widget-heading\" data-id=\"04c0344\" data-element_type=\"widget\" data-e-type=\"widget\" data-widget_type=\"heading.default\">\n\t\t\t\t<div class=\"elementor-widget-container\">\n\t\t\t\t\t<h2 class=\"elementor-heading-title elementor-size-default\">R\u00e9glementation<\/h2>\t\t\t\t<\/div>\n\t\t\t\t<\/div>\n\t\t\t\t<div class=\"elementor-element elementor-element-895b1d8 elementor-widget elementor-widget-spacer\" data-id=\"895b1d8\" data-element_type=\"widget\" data-e-type=\"widget\" data-widget_type=\"spacer.default\">\n\t\t\t\t<div class=\"elementor-widget-container\">\n\t\t\t\t\t\t\t<div class=\"elementor-spacer\">\n\t\t\t<div class=\"elementor-spacer-inner\"><\/div>\n\t\t<\/div>\n\t\t\t\t\t\t<\/div>\n\t\t\t\t<\/div>\n\t\t\t\t<div class=\"elementor-element elementor-element-a27fc35 elementor-widget elementor-widget-text-editor\" data-id=\"a27fc35\" data-element_type=\"widget\" data-e-type=\"widget\" data-widget_type=\"text-editor.default\">\n\t\t\t\t<div class=\"elementor-widget-container\">\n\t\t\t\t\t\t\t\t\t<p>Les modalit\u00e9s pratiques et le d\u00e9tail des exigences que les organismes doivent remplir sont d\u00e9crits dans les principaux textes suivants :<\/p>\n<p>Arr\u00eat\u00e9 du 06\/06\/2019 relatif aux modalit\u00e9s d&rsquo;audit associ\u00e9es au r\u00e9f\u00e9rentiel national mentionn\u00e9 \u00e0 l&rsquo;article D.6316-1-1 du Code du Travail.<br><\/p><p>D\u00e9cret N\u00b02019-564 du 06\/06\/2019 relatif \u00e0 la qualit\u00e9 des actions de formation professionnelle.<\/p>\n<p>D\u00e9cret N\u00b02019-565 du 06\/06\/2019 relatif au r\u00e9f\u00e9rentiel national sur la qualit\u00e9 des actions concourant au d\u00e9veloppement des comp\u00e9tences.<\/p>\n<p>D\u2019autres d\u00e9crets ou textes d\u2019application sont disponibles sur demande.&nbsp;<\/p>\n<p>Pour en savoir plus, nous vous conseillons de t\u00e9l\u00e9charger le Guide de lecture : r\u00e9f\u00e9rentiel national qualit\u00e9 mentionn\u00e9 \u00e0 l\u2019article L. 6316-3 du Code du Travail disponible sur le site du Minist\u00e8re du Travail.<\/p>\t\t\t\t\t\t\t\t<\/div>\n\t\t\t\t<\/div>\n\t\t\t\t\t<\/div>\n\t\t<\/div>\n\t\t\t\t\t<\/div>\n\t\t<\/section>\n\t\t\t\t<section class=\"elementor-section elementor-top-section elementor-element elementor-element-25b0d28 elementor-section-boxed elementor-section-height-default elementor-section-height-default elementor-invisible\" data-id=\"25b0d28\" data-element_type=\"section\" data-e-type=\"section\" data-settings=\"{&quot;animation&quot;:&quot;fadeInUp&quot;}\">\n\t\t\t\t\t\t<div class=\"elementor-container elementor-column-gap-default\">\n\t\t\t\t\t<div class=\"elementor-column elementor-col-100 elementor-top-column elementor-element elementor-element-510b889\" data-id=\"510b889\" data-element_type=\"column\" data-e-type=\"column\">\n\t\t\t<div class=\"elementor-widget-wrap elementor-element-populated\">\n\t\t\t\t\t\t<div class=\"elementor-element elementor-element-71884a0 elementor-widget elementor-widget-spacer\" data-id=\"71884a0\" data-element_type=\"widget\" data-e-type=\"widget\" data-widget_type=\"spacer.default\">\n\t\t\t\t<div class=\"elementor-widget-container\">\n\t\t\t\t\t\t\t<div class=\"elementor-spacer\">\n\t\t\t<div class=\"elementor-spacer-inner\"><\/div>\n\t\t<\/div>\n\t\t\t\t\t\t<\/div>\n\t\t\t\t<\/div>\n\t\t\t\t<div class=\"elementor-element elementor-element-78c074e elementor-widget elementor-widget-image\" data-id=\"78c074e\" data-element_type=\"widget\" data-e-type=\"widget\" data-widget_type=\"image.default\">\n\t\t\t\t<div class=\"elementor-widget-container\">\n\t\t\t\t\t\t\t\t\t\t\t\t\t\t\t<img decoding=\"async\" width=\"1024\" height=\"261\" src=\"https:\/\/alticert.org\/wp-content\/uploads\/2021\/03\/Logo-Qualiopi1-1024x261.png\" class=\"attachment-large size-large wp-image-515\" alt=\"\" srcset=\"https:\/\/alticert.org\/wp-content\/uploads\/2021\/03\/Logo-Qualiopi1-1024x261.png 1024w, https:\/\/alticert.org\/wp-content\/uploads\/2021\/03\/Logo-Qualiopi1-300x76.png 300w, https:\/\/alticert.org\/wp-content\/uploads\/2021\/03\/Logo-Qualiopi1-768x196.png 768w, https:\/\/alticert.org\/wp-content\/uploads\/2021\/03\/Logo-Qualiopi1.png 1107w\" sizes=\"(max-width: 1024px) 100vw, 1024px\" \/>\t\t\t\t\t\t\t\t\t\t\t\t\t\t\t<\/div>\n\t\t\t\t<\/div>\n\t\t\t\t<div class=\"elementor-element elementor-element-719daca elementor-widget elementor-widget-image\" data-id=\"719daca\" data-element_type=\"widget\" data-e-type=\"widget\" data-widget_type=\"image.default\">\n\t\t\t\t<div class=\"elementor-widget-container\">\n\t\t\t\t\t\t\t\t\t\t\t\t\t\t\t<img decoding=\"async\" src=\"https:\/\/alticert.org\/wp-content\/uploads\/2021\/03\/Logo-Qualiopi.png\" title=\"\" alt=\"\" loading=\"lazy\" \/>\t\t\t\t\t\t\t\t\t\t\t\t\t\t\t<\/div>\n\t\t\t\t<\/div>\n\t\t\t\t\t<\/div>\n\t\t<\/div>\n\t\t\t\t\t<\/div>\n\t\t<\/section>\n\t\t\t\t<\/div>\n\t\t","protected":false},"excerpt":{"rendered":"<p>Pour qui ? Certification QUALIOPI, la nouvelle reconnaissance officielle des organismes de formation, qui remplace Data Dock. C\u2019est \u00e0 la date du 1er janvier 2022, que rentre en vigueur, l\u2019obligation de certification, par un organisme tiers, des organismes r\u00e9alisant des actions concourant au d\u00e9veloppement des comp\u00e9tences sur la base d\u2019un r\u00e9f\u00e9rentiel national unique, s\u2019ils veulent&hellip;&nbsp;<a href=\"https:\/\/alticert.org\/index.php\/certification-qualiopi\/\" rel=\"bookmark\">Lire la suite &raquo;<span class=\"screen-reader-text\">Certification Qualiopi<\/span><\/a><\/p>\n","protected":false},"author":2,"featured_media":0,"parent":0,"menu_order":0,"comment_status":"closed","ping_status":"closed","template":"","meta":{"neve_meta_sidebar":"","neve_meta_container":"","neve_meta_enable_content_width":"","neve_meta_content_width":0,"neve_meta_title_alignment":"","neve_meta_author_avatar":"","neve_post_elements_order":"","neve_meta_disable_header":"","neve_meta_disable_footer":"","neve_meta_disable_title":"","footnotes":""},"class_list":["post-30","page","type-page","status-publish","hentry"],"yoast_head":"<!-- This site is optimized with the Yoast SEO plugin v27.3 - https:\/\/yoast.com\/product\/yoast-seo-wordpress\/ -->\n<title>Certification Qualiopi - Alticert - Certification d&#039;organisme de formation<\/title>\n<meta name=\"description\" content=\"Certification QUALIOPI, la nouvelle reconnaissance officielle des organismes de formation, qui remplace Data Dock.\" \/>\n<meta name=\"robots\" content=\"index, follow, max-snippet:-1, max-image-preview:large, max-video-preview:-1\" \/>\n<link rel=\"canonical\" href=\"https:\/\/alticert.org\/index.php\/certification-qualiopi\/\" \/>\n<meta property=\"og:locale\" content=\"fr_FR\" \/>\n<meta property=\"og:type\" content=\"article\" \/>\n<meta property=\"og:title\" content=\"Certification Qualiopi - Alticert - Certification d&#039;organisme de formation\" \/>\n<meta property=\"og:description\" content=\"Certification QUALIOPI, la nouvelle reconnaissance officielle des organismes de formation, qui remplace Data Dock.\" \/>\n<meta property=\"og:url\" content=\"https:\/\/alticert.org\/index.php\/certification-qualiopi\/\" \/>\n<meta property=\"article:modified_time\" content=\"2023-02-15T14:01:33+00:00\" \/>\n<meta property=\"og:image\" content=\"https:\/\/alticert.org\/wp-content\/uploads\/2021\/03\/3.3.jpg\" \/>\n<meta name=\"twitter:card\" content=\"summary_large_image\" \/>\n<meta name=\"twitter:label1\" content=\"Dur\u00e9e de lecture estim\u00e9e\" \/>\n\t<meta name=\"twitter:data1\" content=\"3 minutes\" \/>\n<script type=\"application\/ld+json\" class=\"yoast-schema-graph\">{\"@context\":\"https:\\\/\\\/schema.org\",\"@graph\":[{\"@type\":\"WebPage\",\"@id\":\"https:\\\/\\\/alticert.org\\\/index.php\\\/certification-qualiopi\\\/\",\"url\":\"https:\\\/\\\/alticert.org\\\/index.php\\\/certification-qualiopi\\\/\",\"name\":\"Certification Qualiopi - Alticert - Certification d'organisme de formation\",\"isPartOf\":{\"@id\":\"https:\\\/\\\/alticert.org\\\/#website\"},\"primaryImageOfPage\":{\"@id\":\"https:\\\/\\\/alticert.org\\\/index.php\\\/certification-qualiopi\\\/#primaryimage\"},\"image\":{\"@id\":\"https:\\\/\\\/alticert.org\\\/index.php\\\/certification-qualiopi\\\/#primaryimage\"},\"thumbnailUrl\":\"https:\\\/\\\/alticert.org\\\/wp-content\\\/uploads\\\/2021\\\/03\\\/3.3.jpg\",\"datePublished\":\"2021-02-27T10:43:18+00:00\",\"dateModified\":\"2023-02-15T14:01:33+00:00\",\"description\":\"Certification QUALIOPI, la nouvelle reconnaissance officielle des organismes de formation, qui remplace Data Dock.\",\"breadcrumb\":{\"@id\":\"https:\\\/\\\/alticert.org\\\/index.php\\\/certification-qualiopi\\\/#breadcrumb\"},\"inLanguage\":\"fr-FR\",\"potentialAction\":[{\"@type\":\"ReadAction\",\"target\":[\"https:\\\/\\\/alticert.org\\\/index.php\\\/certification-qualiopi\\\/\"]}]},{\"@type\":\"ImageObject\",\"inLanguage\":\"fr-FR\",\"@id\":\"https:\\\/\\\/alticert.org\\\/index.php\\\/certification-qualiopi\\\/#primaryimage\",\"url\":\"https:\\\/\\\/alticert.org\\\/wp-content\\\/uploads\\\/2021\\\/03\\\/3.3.jpg\",\"contentUrl\":\"https:\\\/\\\/alticert.org\\\/wp-content\\\/uploads\\\/2021\\\/03\\\/3.3.jpg\",\"width\":674,\"height\":449},{\"@type\":\"BreadcrumbList\",\"@id\":\"https:\\\/\\\/alticert.org\\\/index.php\\\/certification-qualiopi\\\/#breadcrumb\",\"itemListElement\":[{\"@type\":\"ListItem\",\"position\":1,\"name\":\"Accueil\",\"item\":\"https:\\\/\\\/alticert.org\\\/\"},{\"@type\":\"ListItem\",\"position\":2,\"name\":\"Certification Qualiopi\"}]},{\"@type\":\"WebSite\",\"@id\":\"https:\\\/\\\/alticert.org\\\/#website\",\"url\":\"https:\\\/\\\/alticert.org\\\/\",\"name\":\"Alticert.org\",\"description\":\"Certification d&#039;organisme de formation\",\"publisher\":{\"@id\":\"https:\\\/\\\/alticert.org\\\/#organization\"},\"potentialAction\":[{\"@type\":\"SearchAction\",\"target\":{\"@type\":\"EntryPoint\",\"urlTemplate\":\"https:\\\/\\\/alticert.org\\\/?s={search_term_string}\"},\"query-input\":{\"@type\":\"PropertyValueSpecification\",\"valueRequired\":true,\"valueName\":\"search_term_string\"}}],\"inLanguage\":\"fr-FR\"},{\"@type\":\"Organization\",\"@id\":\"https:\\\/\\\/alticert.org\\\/#organization\",\"name\":\"Alticert\",\"url\":\"https:\\\/\\\/alticert.org\\\/\",\"logo\":{\"@type\":\"ImageObject\",\"inLanguage\":\"fr-FR\",\"@id\":\"https:\\\/\\\/alticert.org\\\/#\\\/schema\\\/logo\\\/image\\\/\",\"url\":\"https:\\\/\\\/alticert.org\\\/wp-content\\\/uploads\\\/2021\\\/03\\\/cropped-Logo_Alticert_icone-3.jpg\",\"contentUrl\":\"https:\\\/\\\/alticert.org\\\/wp-content\\\/uploads\\\/2021\\\/03\\\/cropped-Logo_Alticert_icone-3.jpg\",\"width\":512,\"height\":512,\"caption\":\"Alticert\"},\"image\":{\"@id\":\"https:\\\/\\\/alticert.org\\\/#\\\/schema\\\/logo\\\/image\\\/\"}}]}<\/script>\n<!-- \/ Yoast SEO plugin. -->","yoast_head_json":{"title":"Certification Qualiopi - Alticert - Certification d'organisme de formation","description":"Certification QUALIOPI, la nouvelle reconnaissance officielle des organismes de formation, qui remplace Data Dock.","robots":{"index":"index","follow":"follow","max-snippet":"max-snippet:-1","max-image-preview":"max-image-preview:large","max-video-preview":"max-video-preview:-1"},"canonical":"https:\/\/alticert.org\/index.php\/certification-qualiopi\/","og_locale":"fr_FR","og_type":"article","og_title":"Certification Qualiopi - Alticert - Certification d'organisme de formation","og_description":"Certification QUALIOPI, la nouvelle reconnaissance officielle des organismes de formation, qui remplace Data Dock.","og_url":"https:\/\/alticert.org\/index.php\/certification-qualiopi\/","article_modified_time":"2023-02-15T14:01:33+00:00","og_image":[{"url":"https:\/\/alticert.org\/wp-content\/uploads\/2021\/03\/3.3.jpg","type":"","width":"","height":""}],"twitter_card":"summary_large_image","twitter_misc":{"Dur\u00e9e de lecture estim\u00e9e":"3 minutes"},"schema":{"@context":"https:\/\/schema.org","@graph":[{"@type":"WebPage","@id":"https:\/\/alticert.org\/index.php\/certification-qualiopi\/","url":"https:\/\/alticert.org\/index.php\/certification-qualiopi\/","name":"Certification Qualiopi - Alticert - Certification d'organisme de formation","isPartOf":{"@id":"https:\/\/alticert.org\/#website"},"primaryImageOfPage":{"@id":"https:\/\/alticert.org\/index.php\/certification-qualiopi\/#primaryimage"},"image":{"@id":"https:\/\/alticert.org\/index.php\/certification-qualiopi\/#primaryimage"},"thumbnailUrl":"https:\/\/alticert.org\/wp-content\/uploads\/2021\/03\/3.3.jpg","datePublished":"2021-02-27T10:43:18+00:00","dateModified":"2023-02-15T14:01:33+00:00","description":"Certification QUALIOPI, la nouvelle reconnaissance officielle des organismes de formation, qui remplace Data Dock.","breadcrumb":{"@id":"https:\/\/alticert.org\/index.php\/certification-qualiopi\/#breadcrumb"},"inLanguage":"fr-FR","potentialAction":[{"@type":"ReadAction","target":["https:\/\/alticert.org\/index.php\/certification-qualiopi\/"]}]},{"@type":"ImageObject","inLanguage":"fr-FR","@id":"https:\/\/alticert.org\/index.php\/certification-qualiopi\/#primaryimage","url":"https:\/\/alticert.org\/wp-content\/uploads\/2021\/03\/3.3.jpg","contentUrl":"https:\/\/alticert.org\/wp-content\/uploads\/2021\/03\/3.3.jpg","width":674,"height":449},{"@type":"BreadcrumbList","@id":"https:\/\/alticert.org\/index.php\/certification-qualiopi\/#breadcrumb","itemListElement":[{"@type":"ListItem","position":1,"name":"Accueil","item":"https:\/\/alticert.org\/"},{"@type":"ListItem","position":2,"name":"Certification Qualiopi"}]},{"@type":"WebSite","@id":"https:\/\/alticert.org\/#website","url":"https:\/\/alticert.org\/","name":"Alticert.org","description":"Certification d&#039;organisme de formation","publisher":{"@id":"https:\/\/alticert.org\/#organization"},"potentialAction":[{"@type":"SearchAction","target":{"@type":"EntryPoint","urlTemplate":"https:\/\/alticert.org\/?s={search_term_string}"},"query-input":{"@type":"PropertyValueSpecification","valueRequired":true,"valueName":"search_term_string"}}],"inLanguage":"fr-FR"},{"@type":"Organization","@id":"https:\/\/alticert.org\/#organization","name":"Alticert","url":"https:\/\/alticert.org\/","logo":{"@type":"ImageObject","inLanguage":"fr-FR","@id":"https:\/\/alticert.org\/#\/schema\/logo\/image\/","url":"https:\/\/alticert.org\/wp-content\/uploads\/2021\/03\/cropped-Logo_Alticert_icone-3.jpg","contentUrl":"https:\/\/alticert.org\/wp-content\/uploads\/2021\/03\/cropped-Logo_Alticert_icone-3.jpg","width":512,"height":512,"caption":"Alticert"},"image":{"@id":"https:\/\/alticert.org\/#\/schema\/logo\/image\/"}}]}},"_links":{"self":[{"href":"https:\/\/alticert.org\/index.php\/wp-json\/wp\/v2\/pages\/30","targetHints":{"allow":["GET"]}}],"collection":[{"href":"https:\/\/alticert.org\/index.php\/wp-json\/wp\/v2\/pages"}],"about":[{"href":"https:\/\/alticert.org\/index.php\/wp-json\/wp\/v2\/types\/page"}],"author":[{"embeddable":true,"href":"https:\/\/alticert.org\/index.php\/wp-json\/wp\/v2\/users\/2"}],"replies":[{"embeddable":true,"href":"https:\/\/alticert.org\/index.php\/wp-json\/wp\/v2\/comments?post=30"}],"version-history":[{"count":56,"href":"https:\/\/alticert.org\/index.php\/wp-json\/wp\/v2\/pages\/30\/revisions"}],"predecessor-version":[{"id":851,"href":"https:\/\/alticert.org\/index.php\/wp-json\/wp\/v2\/pages\/30\/revisions\/851"}],"wp:attachment":[{"href":"https:\/\/alticert.org\/index.php\/wp-json\/wp\/v2\/media?parent=30"}],"curies":[{"name":"wp","href":"https:\/\/api.w.org\/{rel}","templated":true}]}}